/d.
2, 3, 89
Suppose 0 = 14*d - 18*d + 196. Suppose -45*c - 1716 = -d*c. List the prime factors of c.
3, 11, 13
Let s(i) = -38*i - 72. Let g = -353 + 320. List the prime factors of s(g).
2, 3, 197
Suppose -437*j + 418*j + 111573 = -29540. List the prime factors of j.
7, 1061
Let x be 1 - ((4 - 41) + 3). Let m(d) = 25 - 48*d + x*d + 27*d - d**2. What are the prime factors of m(14)?
5
Suppose o + 4*f = 6*o - 6332, 5*f - 3777 = -3*o. List the prime factors of o.
2, 79
Suppose -62 = -4*y - 2*r, 5 + 32 = 4*y - 3*r. Let z(s) = 15*s - 78. What are the prime factors of z(y)?
3, 13
Let z = 25 - 26. Suppose 0*p = -2*p + 86. What are the prime factors of p - z*(-2 + -1)?
2, 5
Let r(w) = 26*w**2 + 761*w + 96. What are the prime factors of r(-41)?
12601
Let v = -34 + 40. Let j be (2/v)/(6/54). List the prime factors of (j/(12/191))/(2/8).
191
Suppose 5*g - 1062 = 4*f, 0 = -g - 4*f + 2*f + 218. Suppose -7*w = -6*w - g. What are the prime factors of w?
2, 107
Let b(j) = 32*j + 478. List the prime factors of b(12).
2, 431
Let m = -172 + 251. Let u = m - 151. List the prime factors of ((-692)/18)/(-2) + 16/u.
19
Suppose -x + f - 730 + 8226 = 0, -x + 4*f + 7496 = 0. List the prime factors of x.
2, 937
Suppose 0 = 2*l - 5*d, -7*d - 2 = -8*d. Let f(a) = 123*a - 37. List the prime factors of f(l).
2, 17
Let o(n) = n**3 + 14*n**2 + 15*n + 29. Suppose 2*p - 7*p = 25, 0 = 5*t + 3*p + 80. Let u be o(t). What are the prime factors of (-1 - 78/(-3))*u?
3, 5
Suppose -2*r + 55080 = -2*b, -3*r + 79*b + 82620 = 78*b. List the prime factors of r.
2, 3, 5, 17
Suppose 9*i = 2*l - 71713, 20*l - 17*l + 5*i = 107440. List the prime factors of l.
5, 1433
Suppose -30156 + 7656 = -12*q. Suppose -3*s + 2*c = -q, -1217 + 3694 = 4*s + 5*c. What are the prime factors of s?
7, 89
Let a(f) = -387*f - 744. What are the prime factors of a(-6)?
2, 3, 263
Suppose -3*c = -s - 11905, 5*c - 1810 - 18033 = 3*s. What are the prime factors of c?
2, 31
Suppose 2*r + b - 266 = 0, 6 = -0*b + 3*b. Let y = 237 - r. What are the prime factors of y?
3, 5, 7
Let v be (-3 - 49)/(-4) - 3. Let m(l) = -3*l + 9*l**2 + l**3 - l - 2*l + 4*l + v. List the prime factors of m(-9).
2, 7
Let j be (4 - -2)/(-6)*-1687. Suppose 0 = -5*z + 4*y + j, -2*z - y + 661 = 2*y. What are the prime factors of z?
5, 67
Let k(f) = -3*f + 26. Let o be k(7). Suppose 3*r - n - 1 = 24, -5*n = -2*r - o. List the prime factors of (-110)/(-44)*84/r.
3, 7
Suppose -228*l = -772234 + 224350. What are the prime factors of l?
3, 89
Let x = 57 - 135. Let f = x + 80. Suppose -97 - 181 = -f*y. What are the prime factors of y?
139
Let j(x) = 17*x**2 + 2844*x - x**3 + 23*x**2 - 2706*x - 22*x**2 + 79 + 21*x**2. What are the prime factors of j(42)?
11, 53
Let j(g) = 3*g**2 - 97*g - 61. Let b be j(33). Let r = 0 + 5. Suppose -n + 17 = -x + r*x, -b*x = 2*n - 40. List the prime factors of n.
5
Let x = 2 + -28. Let o = x + 28. What are the prime factors of o/3 + 265/3?
89
Suppose 3*a + 6 = 0, 56*a - 61*a - 11246 = -2*d. Suppose -q - i + 2807 = q, 2*i = 4*q - d. List the prime factors of q.
2, 3, 13
Suppose -2*c + 332 = -4*o, -c - o - 4*o + 166 = 0. Suppose -154*b + c*b = 12372. List the prime factors of b.
1031
Let s be -4 + -3 + 2 - (-13 - -8). Suppose -53*p + 46*p + 2247 = s. List the prime factors of p.
3, 107
Suppose -p - 4260 = -6*p - 5*x, -5*x - 2580 = -3*p. Let v = p - 494. What are the prime factors of v?
19
Let w(y) be the third derivative of 397*y**4/12 - 40*y**3/3 + 229*y**2. List the prime factors of w(2).
2, 13, 29
Let f be 3 + 66/(-21) - (-116)/28. Suppose 2 + f = 3*m. Suppose -m*l - 4*t = -89 - 131, -5*t = 20. What are the prime factors of l?
2, 59
List the prime factors of (((-5001)/(-6))/((-5)/18))/((-1552)/15520).
2, 3, 1667
Let j be ((-21)/(-14))/((-2)/4 + 1). Suppose -5*u + 726 = -0*l + 2*l, -j*l + 441 = 3*u. What are the prime factors of u?
2, 3
Suppose 20 = 5*k, 4*c + 11*k - 1396 = 9*k. Suppose -u - 9*o + 12*o = -161, 2*u - o - c = 0. List the prime factors of u.
2, 11
Suppose -26*m - 258 - 54 = 0. What are the prime factors of 8/(-4)*402/m?
67
Suppose 24*j = -92*j + 350204. List the prime factors of j.
3019
Let j(i) = 14*i**2 - 1. Let r be j(1). Suppose -3*x - 40 = -r*x. Suppose -x*o + 2*w = -274, -4*o + 2*w + 140 = -2*o. List the prime factors of o.
67
Let h be (-3)/(21/14) - -17. Suppose 3575 = -h*v + 20*v. What are the prime factors of v?
5, 11, 13
Suppose 29 = 10*k + 49. What are the prime factors of (14/k)/((-60)/4140)?
3, 7, 23
Let x(q) = 77*q - 68. Let o(y) = -2*y - 15. Let p be o(-11). What are the prime factors of x(p)?
3, 157
Let z(r) = -44*r - 2. Let f be 171/(-33) - (-2)/11. List the prime factors of z(f).
2, 109
Suppose -k - 3*r + r + 172 = 0, 0 = 5*k + 4*r - 830. Suppose -9*b + k = -12*b. List the prime factors of b/(-72) + (-1066)/(-8).
2, 67
Let q(k) = 2*k**2 - 14*k + 1. Let w be q(7). Let r be 2*((-7)/6)/(w/3). Let g(m) = -m**2 - 22*m + 17. List the prime factors of g(r).
2, 61
Let v = 1175 - 268. Let a = 1279 - v. List the prime factors of a.
2, 3, 31
Suppose 0 = -v - 249*y + 252*y + 9397, -4*v - 5*y = -37605. What are the prime factors of v?
2, 5, 47
Let d = 44 + -21. Let s = -1 + d. Suppose 0*i + s = 2*t - 2*i, 0 = -4*i - 20. What are the prime factors of t?
2, 3
Let s(j) = -3*j**3 + 357*j**2 + 273*j - 208. What are the prime factors of s(119)?
13, 191
Let t be 38311/3 - ((-66)/9)/11. Suppose -72*x + 61*x + t = 0. List the prime factors of x.
3, 43
Suppose -2*g = 4*a - 19028, -25*a = -21*a + 3*g - 19024. What are the prime factors of a?
4759
Let x be (2/(-7))/(8/56). What are the prime factors of (-16 + 268)*(0 - x*1)?
2, 3, 7
Let a = 20790 + -11957. What are the prime factors of a?
11, 73
Suppose 3*g = m, -61*m = -59*m + 4*g - 10. Suppose 4*a - 7720 = m*y, -1709 = 4*a + 4*y - 9429. What are the prime factors of a?
2, 5, 193
Let s(a) = -2*a**2 - 23*a - 40. Let v be s(-8). Let i = 96 + -45. Let l = v + i. What are the prime factors of l?
67
Let x(c) be the first derivative of 4*c**3 - 7*c**2/2 - 16*c - 73. Let i(n) = -n**3 + 2*n**2 + 3*n - 3. Let p be i(3). List the prime factors of x(p).
113
Let p be ((-30)/(-25))/((-66)/20 - -3). Let q be -1*((-10)/p - 3)*4. Suppose -513 = -4*u - 3*n + 179, 4*u - q*n - 692 = 0. List the prime factors of u.
173
Let m(i) = -i**3 + 10*i**2 - 10*i + 7. Let z be m(9). List the prime factors of (-1)/((z - -4)/(-640)).
2, 5
Let s = 10078 - 2320. List the prime factors of s.
2, 3, 431
Suppose -33418 - 1987 = -5*z + 5*t, 2*z - 14177 = -t. List the prime factors of z.
2, 3, 1181
Suppose -4598539 = -148*i + 95725. List the prime factors of i.
2, 15859
Suppose 908 = 10*y - 1202. Suppose -t - y = -b + 689, b - 906 = -2*t. List the prime factors of b.
2, 11, 41
What are the prime factors of (-1 - -46500)/1 - 4?
5, 17, 547
Let g = 314 - 173. Let c = 333 + g. List the prime factors of c.
2, 3, 79
Let y(w) be the first derivative of -3*w**2/2 - 21*w + 30. Let a be y(-7). What are the prime factors of (2 - a)*374/11?
2, 17
Suppose 5*h - 394 = -4*d, 178*h + 382 = 4*d + 177*h. List the prime factors of d.
2, 3
Suppose 6340 + 7522 = 29*b. Suppose 3*m = z - 293, 409 = 3*z - m - b. List the prime factors of z.
2, 37
What are the prime factors of (-30)/(11 + -1) + (-5 - -7029)?
7, 17, 59
Suppose -278*h = -282*h + 816. Suppose c - h = -4*g, g = -4*c + 5*g + 916. List the prime factors of c.
2, 7
Let r = 49 + -45. Suppose -4*v = 4*b - 0*b - 88, 3*v - 94 = r*b. Suppose v*a = 30*a - 336. List the prime factors of a.
2, 3, 7
Let c(g) = 60*g + 21. Suppose 14*w + 18 - 74 = 0. Let k be c(w). Let z = k + -153. List the prime factors of z.
2, 3
Let w = 173 - 170. Suppose 2*p + 1228 = 4*s, 895 = w*s + 2*p + 3*p. List the prime factors of s.
5, 61
Suppose 3*v + 5*n = -95, -3 = -2*v - 3*n - 66. What are the prime factors of 120/(-28)*5180/v?
2, 5, 37
Let z(l) = -1234*l - 309. List the prime factors of z(-6).
3, 5, 11, 43
Let u(k) = 17*k**2 + 4*k - 21. Let y be u(6). Suppose -3*j + 6*c = 3*c - y, j - 211 = -5*c. List the prime factors of j.
2, 103
Let x be ((-4)/(-5))/(6/(-81690)*-7). Let p = 2940 - x. List the prime factors of p.
2, 173
Let g(d) = 2*d + 15. Let w be g(-5). Suppose 2326 = 5*v + 2*i, 1 + w = 2*i. List the prime factors of v.
2, 29
Suppose 2*u = -x + 21550, -13445 - 18838 = -3*u + 9*x. What are th